{"id":729,"date":"2024-06-13T09:30:23","date_gmt":"2024-06-13T07:30:23","guid":{"rendered":"https:\/\/test.h-meyer.de\/?page_id=729"},"modified":"2024-06-26T13:56:01","modified_gmt":"2024-06-26T11:56:01","slug":"impressum","status":"publish","type":"page","link":"https:\/\/implement-it.de\/systemhaus\/impressum\/","title":{"rendered":"Impressum"},"content":{"rendered":"<div class=\"lazyblock-section-Z274Sn6 wp-block-lazyblock-section\">\r\n\r\n<section  style=\"background-image: url();padding-top:80px;padding-bottom:80px;\" class=\"section is-bg-alignment-top is-color-scheme-light\">\r\n    <div class=\"lazyblock-inner-blocks\">\n<div class=\"lazyblock-container-Z1d5xGl wp-block-lazyblock-container\">\r\n\r\n<div class=\"container wp-block-container\">\r\n    <div class=\"lazyblock-inner-blocks\">\n\n<h4 class=\"wp-block-heading\">Angaben gem\u00e4\u00df \u00a7 5 TMG:<\/h4>\n\n\n\n<p>Implement-IT GmbH<br>Kaiserstra\u00dfe 172 \u2013 174<br>66386 St. Ingbert<\/p>\n\n\n\n<h4 class=\"wp-block-heading\">Vertreten durch:<\/h4>\n\n\n\n<p>vertreten durch die Gesch\u00e4ftsf\u00fchrer J\u00fcrgen Gall, Dirk Pohl und Bj\u00f6rn Wirth.<\/p>\n\n\n\n<h4 class=\"wp-block-heading\">Kontakt:<\/h4>\n\n\n\n<p>Telefon: +49 6894 16889-0<br>Telefax: +49 6894 16889-100<br>E-Mail: info@implement-it.de<\/p>\n\n\n\n<h4 class=\"wp-block-heading\">Registereintrag:<\/h4>\n\n\n\n<p>Eintragung im Handelsregister.<br>Registergericht: Saarbr\u00fccken<br>Registernummer: HRB 13049<\/p>\n\n\n\n<h4 class=\"wp-block-heading\">Umsatzsteuer:<\/h4>\n\n\n\n<p>Umsatzsteuer-Identifikationsnummer gem\u00e4\u00df \u00a727 a Umsatzsteuergesetz:<br>DE221859785<\/p>\n\n\n\n<h4 class=\"wp-block-heading\">Verantwortlich f\u00fcr den Inhalt nach \u00a7 55 Abs. 2 RStV:<\/h4>\n\n\n\n<p>Implement-IT GmbH<br>Bj\u00f6rn Wirth<br>Kaiserstra\u00dfe 172 \u2013 174<br>66386 St. Ingbert<\/p>\n\n\n\n<h4 class=\"wp-block-heading\">Streitschlichtung<\/h4>\n\n\n\n<p>Gem\u00e4\u00df der Verordnung (EU) Nr. 524\/2013 (Verordnung \u00fcber Online-Streitbeilegung) stellt die Europ\u00e4ische Kommission eine Plattform zur Online-Streitbeilegung (OS) bereit. Diese Plattform erreichen Sie \u00fcber folgenden Link: https:\/\/ec.europa.eu\/consumers\/odr.<\/p>\n\n\n\n<p>Kontakt per E-Mail: info@implement-it.de.<\/p>\n\n\n\n<p>Die Implement-IT GmbH nimmt nicht an einem Streitbeilegungsverfahren vor einer Verbraucherschlichtungsstelle teil.<\/p>\n\n<\/div>\r\n<\/div><\/div>\n<\/div>\r\n<\/section><\/div>","protected":false},"excerpt":{"rendered":"","protected":false},"author":1,"featured_media":0,"parent":0,"menu_order":0,"comment_status":"closed","ping_status":"closed","template":"","meta":{"_acf_changed":false,"inline_featured_image":false,"footnotes":""},"class_list":["post-729","page","type-page","status-publish","hentry"],"acf":[],"yoast_head":"<!-- This site is optimized with the Yoast SEO plugin v27.1.1 - https:\/\/yoast.com\/product\/yoast-seo-wordpress\/ -->\n<title>Impressum - Implement-IT<\/title>\n<meta name=\"robots\" content=\"index, follow, max-snippet:-1, max-image-preview:large, max-video-preview:-1\" \/>\n<link rel=\"canonical\" href=\"https:\/\/implement-it.de\/systemhaus\/impressum\/\" \/>\n<meta property=\"og:locale\" content=\"de_DE\" \/>\n<meta property=\"og:type\" content=\"article\" \/>\n<meta property=\"og:title\" content=\"Impressum - Implement-IT\" \/>\n<meta property=\"og:url\" content=\"https:\/\/implement-it.de\/systemhaus\/impressum\/\" \/>\n<meta property=\"og:site_name\" content=\"Implement-IT\" \/>\n<meta property=\"article:modified_time\" content=\"2024-06-26T11:56:01+00:00\" \/>\n<meta name=\"twitter:card\" content=\"summary_large_image\" \/>\n<meta name=\"twitter:label1\" content=\"Gesch\u00e4tzte Lesezeit\" \/>\n\t<meta name=\"twitter:data1\" content=\"1\u00a0Minute\" \/>\n<script type=\"application\/ld+json\" class=\"yoast-schema-graph\">{\"@context\":\"https:\/\/schema.org\",\"@graph\":[{\"@type\":\"WebPage\",\"@id\":\"https:\/\/implement-it.de\/systemhaus\/impressum\/\",\"url\":\"https:\/\/implement-it.de\/systemhaus\/impressum\/\",\"name\":\"Impressum - Implement-IT\",\"isPartOf\":{\"@id\":\"https:\/\/implement-it.de\/systemhaus\/#website\"},\"datePublished\":\"2024-06-13T07:30:23+00:00\",\"dateModified\":\"2024-06-26T11:56:01+00:00\",\"breadcrumb\":{\"@id\":\"https:\/\/implement-it.de\/systemhaus\/impressum\/#breadcrumb\"},\"inLanguage\":\"de\",\"potentialAction\":[{\"@type\":\"ReadAction\",\"target\":[\"https:\/\/implement-it.de\/systemhaus\/impressum\/\"]}]},{\"@type\":\"BreadcrumbList\",\"@id\":\"https:\/\/implement-it.de\/systemhaus\/impressum\/#breadcrumb\",\"itemListElement\":[{\"@type\":\"ListItem\",\"position\":1,\"name\":\"Startseite\",\"item\":\"https:\/\/implement-it.de\/systemhaus\/\"},{\"@type\":\"ListItem\",\"position\":2,\"name\":\"Impressum\"}]},{\"@type\":\"WebSite\",\"@id\":\"https:\/\/implement-it.de\/systemhaus\/#website\",\"url\":\"https:\/\/implement-it.de\/systemhaus\/\",\"name\":\"Implement-IT\",\"description\":\"\",\"potentialAction\":[{\"@type\":\"SearchAction\",\"target\":{\"@type\":\"EntryPoint\",\"urlTemplate\":\"https:\/\/implement-it.de\/systemhaus\/?s={search_term_string}\"},\"query-input\":{\"@type\":\"PropertyValueSpecification\",\"valueRequired\":true,\"valueName\":\"search_term_string\"}}],\"inLanguage\":\"de\"}]}<\/script>\n<!-- \/ Yoast SEO plugin. -->","yoast_head_json":{"title":"Impressum - Implement-IT","robots":{"index":"index","follow":"follow","max-snippet":"max-snippet:-1","max-image-preview":"max-image-preview:large","max-video-preview":"max-video-preview:-1"},"canonical":"https:\/\/implement-it.de\/systemhaus\/impressum\/","og_locale":"de_DE","og_type":"article","og_title":"Impressum - Implement-IT","og_url":"https:\/\/implement-it.de\/systemhaus\/impressum\/","og_site_name":"Implement-IT","article_modified_time":"2024-06-26T11:56:01+00:00","twitter_card":"summary_large_image","twitter_misc":{"Gesch\u00e4tzte Lesezeit":"1\u00a0Minute"},"schema":{"@context":"https:\/\/schema.org","@graph":[{"@type":"WebPage","@id":"https:\/\/implement-it.de\/systemhaus\/impressum\/","url":"https:\/\/implement-it.de\/systemhaus\/impressum\/","name":"Impressum - Implement-IT","isPartOf":{"@id":"https:\/\/implement-it.de\/systemhaus\/#website"},"datePublished":"2024-06-13T07:30:23+00:00","dateModified":"2024-06-26T11:56:01+00:00","breadcrumb":{"@id":"https:\/\/implement-it.de\/systemhaus\/impressum\/#breadcrumb"},"inLanguage":"de","potentialAction":[{"@type":"ReadAction","target":["https:\/\/implement-it.de\/systemhaus\/impressum\/"]}]},{"@type":"BreadcrumbList","@id":"https:\/\/implement-it.de\/systemhaus\/impressum\/#breadcrumb","itemListElement":[{"@type":"ListItem","position":1,"name":"Startseite","item":"https:\/\/implement-it.de\/systemhaus\/"},{"@type":"ListItem","position":2,"name":"Impressum"}]},{"@type":"WebSite","@id":"https:\/\/implement-it.de\/systemhaus\/#website","url":"https:\/\/implement-it.de\/systemhaus\/","name":"Implement-IT","description":"","potentialAction":[{"@type":"SearchAction","target":{"@type":"EntryPoint","urlTemplate":"https:\/\/implement-it.de\/systemhaus\/?s={search_term_string}"},"query-input":{"@type":"PropertyValueSpecification","valueRequired":true,"valueName":"search_term_string"}}],"inLanguage":"de"}]}},"_links":{"self":[{"href":"https:\/\/implement-it.de\/systemhaus\/wp-json\/wp\/v2\/pages\/729","targetHints":{"allow":["GET"]}}],"collection":[{"href":"https:\/\/implement-it.de\/systemhaus\/wp-json\/wp\/v2\/pages"}],"about":[{"href":"https:\/\/implement-it.de\/systemhaus\/wp-json\/wp\/v2\/types\/page"}],"author":[{"embeddable":true,"href":"https:\/\/implement-it.de\/systemhaus\/wp-json\/wp\/v2\/users\/1"}],"replies":[{"embeddable":true,"href":"https:\/\/implement-it.de\/systemhaus\/wp-json\/wp\/v2\/comments?post=729"}],"version-history":[{"count":3,"href":"https:\/\/implement-it.de\/systemhaus\/wp-json\/wp\/v2\/pages\/729\/revisions"}],"predecessor-version":[{"id":955,"href":"https:\/\/implement-it.de\/systemhaus\/wp-json\/wp\/v2\/pages\/729\/revisions\/955"}],"wp:attachment":[{"href":"https:\/\/implement-it.de\/systemhaus\/wp-json\/wp\/v2\/media?parent=729"}],"curies":[{"name":"wp","href":"https:\/\/api.w.org\/{rel}","templated":true}]}}